ors of 177090616.
2, 23, 191, 5039
List the prime factors of 101477315.
5, 307, 66109
What are the prime factors of 1132711139?
7, 17, 31, 47, 139
What are the prime factors of 408599476?
2, 743, 137483
What are the prime factors of 114352270?
2, 5, 53, 359, 601
What are the prime factors of 209930921?
151, 977, 1423
What are the prime factors of 13736492?
2, 7, 11, 103, 433
List the prime factors of 2401197382.
2, 47, 127, 201139
List the prime factors of 101281411.
7, 11, 61, 21563
List the prime factors of 37656219.
3, 59, 79, 2693
What are the prime factors of 202438513?
202438513
What are the prime factors of 589231007?
5839, 100913
What are the prime factors of 49225877?
139, 354143
What are the prime factors of 609373246?
2, 13963, 21821
List the prime factors of 318549387.
3, 13, 2423, 3371
List the prime factors of 20738023.
2213, 9371
List the prime factors of 2619080057.
11, 73, 3261619
What are the prime factors of 1816592384?
2, 53, 523
List the prime factors of 873551458.
2, 13, 577, 58229
What are the prime factors of 68111365?
5, 7, 71, 27409
List the prime factors of 918251567.
97, 937, 10103
What are the prime factors of 585310721?
31, 18880991
List the prime factors of 1798448195.
5, 29, 359, 34549
List the prime factors of 6010182044.
2, 179, 8394109
What are the prime factors of 981446453?
13, 31, 2435351
What are the prime factors of 3952615294?
2, 17, 116253391
List the prime factors of 779185162.
2, 7, 271, 29339
What are the prime factors of 49001710?
2, 5, 397, 12343
List the prime factors of 859969771.
43, 19999297
List the prime factors of 320445874.
2, 7, 59, 139, 2791
List the prime factors of 50455550.
2, 5, 277, 3643
List the prime factors of 472832716.
2, 53, 61, 36563
List the prime factors of 525748711.
53, 1483, 6689
List the prime factors of 38151164.
2, 19, 607, 827
What are the prime factors of 64102779?
3, 13, 181, 1009
List the prime factors of 229276328.
2, 23, 79, 15773
What are the prime factors of 4567938634?
2, 7, 326281331
List the prime factors of 501341784.
2, 3, 97, 215353
List the prime factors of 287467569.
3, 17, 71, 8821
List the prime factors of 613240450.
2, 5, 31, 383, 1033
What are the prime factors of 2590379696?
2, 161898731
What are the prime factors of 18185384?
2, 7, 127, 2557
List the prime factors of 6475525850.
2, 5, 19, 1163, 5861
What are the prime factors of 556952770?
2, 5, 11, 43, 73, 1613
What are the prime factors of 54689564?
2, 197, 69403
What are the prime factors of 140963089?
149, 271, 3491
List the prime factors of 69951928.
2, 8743991
What are the prime factors of 134202863?
443, 302941
What are the prime factors of 32141072?
2, 2008817
What are the prime factors of 289189615?
5, 11, 13, 404461
List the prime factors of 103175543.
103175543
List the prime factors of 591010318.
2, 43, 479, 14347
List the prime factors of 2397147571.
7, 13, 31, 233, 521
List the prime factors of 22783420.
2, 5, 11, 103561
List the prime factors of 5489294.
2, 29, 31, 43, 71
What are the prime factors of 560484?
2, 3, 15569
What are the prime factors of 755601598?
2, 2437, 155027
What are the prime factors of 401029168?
2, 29, 29803
What are the prime factors of 41524196?
2, 7, 19, 89, 877
List the prime factors of 576855691.
41, 14069651
List the prime factors of 529473.
3, 7, 19, 1327
List the prime factors of 81570196.
2, 71, 287219
What are the prime factors of 313738?
2, 103, 1523
List the prime factors of 3962680419.
3, 23, 57430151
What are the prime factors of 20679016?
2, 2584877
List the prime factors of 60493047.
3, 20164349
List the prime factors of 195414832.
2, 163, 74929
What are the prime factors of 90803097?
3, 7, 11, 283, 463
What are the prime factors of 33156701?
31, 1069571
What are the prime factors of 372149240?
2, 5, 9303731
What are the prime factors of 89744200?
2, 5, 7, 13, 4931
What are the prime factors of 60196258?
2, 30098129
What are the prime factors of 196066795?
5, 19, 2063861
What are the prime factors of 1756987?
19, 31, 157
List the prime factors of 646310821.
13, 19, 2616643
What are the prime factors of 95696148?
2, 3, 181, 44059
List the prime factors of 1494282356.
2, 7, 1627, 32801
What are the prime factors of 74561451?
3, 24853817
List the prime factors of 3028892218.
2, 11, 23, 109, 54917
What are the prime factors of 56958327?
3, 23, 275161
What are the prime factors of 50548805?
5, 71, 142391
List the prime factors of 226225227.
3, 127, 593767
What are the prime factors of 37380618?
2, 3, 11, 188791
What are the prime factors of 3930021152?
2, 59, 35281
What are the prime factors of 214174974?
2, 3, 13, 2745833
List the prime factors of 2219475807.
3, 246608423
What are the prime factors of 60154056?
2, 3, 278491
List the prime factors of 1635901780.
2, 5, 83, 985483
List the prime factors of 39661158.
2, 3, 1151, 5743
List the prime factors of 727065622.
2, 17, 743, 1693
List the prime factors of 209341862.
2, 107, 978233
List the prime factors of 90241488.
2, 3, 19, 32983
List the prime factors of 200425604.
2, 19, 443, 5953
List the prime factors of 30255653.
73, 414461
What are the prime factors of 7504543?
7504543
List the prime factors of 42482397.
3, 14160799
List the prime factors of 22758115.
5, 73, 62351
List the prime factors of 39025557.
3, 17, 47, 67
What are the prime factors of 2172718?
2, 23, 149, 317
List the prime factors of 1028254833.
3, 114250537
List the prime factors of 72780629.
72780629
What are the prime factors of 34479770?
2, 5, 13, 41, 6469
List the prime factors of 1216973013.
3, 3677, 110323
List the prime factors of 4165900607.
11, 67, 5652511
List the prime factors of 2032210952.
2, 31, 8194399
List the prime factors of 150056414.
2, 19, 3948853
What are the prime factors of 300153330?
2, 3, 5, 43, 103, 251
What are the prime factors of 16052855?
5, 7, 13, 35281
List the prime factors of 126788549.
1279, 99131
List the prime factors of 118398985.
5, 23679797
What are the prime factors of 459778067?
7, 65682581
List the prime factors of 99113676.
2, 3, 37, 223229
List the prime factors of 68952869.
487, 141587
List the prime factors of 1947794756.
2, 486948689
What are the prime factors of 298460087?
298460087
What are the prime factors of 1563884186?
2, 19, 241, 170767
What are the prime factors of 1668279087?
3, 419, 442397
List the prime factors of 1301606662.
2, 23, 3533, 8009
What are the prime factors of 133762846?
2, 7, 47, 113, 257
List the prime factors of 1693268185.
5, 7, 37, 35339
What are the prime factors of 715813345?
5, 13, 61, 180533
What are the prime factors of 172414952?
2, 17, 1267757
List the prime factors of 135054870.
2, 3, 5, 4501829
List the prime factors of 20477168.
2, 1279823
List the prime factors of 955479574.
2, 7, 68248541
What are the prime factors of 330160472?
2, 37, 1115407
What are the prime factors of 274204486?
2, 31, 47, 94099
What are the prime factors of 3394373802?
2, 3, 3659, 154613
What are the prime factors of 49286081?
13, 101, 37537
List the prime factors of 490451829.
3, 7, 79, 157, 269
What are the prime factors of 227285380?
2, 5, 7, 1623467
List the prime factors of 36217285.
5, 13, 53, 10513
List the prime factors of 9655859.
9655859
What are the prime factors of 60310145?
5, 7, 1723147
What are the prime factors of 882483405?
3, 5, 19, 3096433
List the prime factors of 2087992519.
397, 5259427
List the prime factors of 66307972.
2, 487, 34039
List the prime factors of 562346673.
3, 7, 26778413
What are the prime factors of 2499149?
2499149
What are the prime factors of 58671947?
17, 1013, 3407
List the prime factors of 14207849.
59, 240811
What are the prime factors of 638921813?
638921813
What are the prime factors of 569860038?
2, 3, 11, 181, 15901
List the prime factors of 139345233.
3, 293, 158527
List the prime factors of 2926482703.
2926482703
List the prime factors of 3970324.
2, 73, 13597
What are the prime factors of 354287121?
3, 118095707
List the prime factors of 817422327.
3, 107, 523, 541
What are the prime factors of 410470640?
2, 5, 29, 176927
What are the prime factors of 5914848?
2, 3, 61613
List the prime factors of 198708454.
2, 7, 23, 617107
List the prime factors of 285513423.
3, 13, 37, 241, 821
What are the prime factors of